3 + x**2. Let z be g(8). Let t = z - -83. What is the tens digit of t?
2
Suppose 0 = -94*n + 80*n + 55930. What is the hundreds digit of n?
9
Let w = -9 - -9. Suppose w = -2*j + 7*j - 155. What is the tens digit of j?
3
Suppose 0 = 5*t - h - 1575, 0 = -3*h - h. What is the hundreds digit of t?
3
Suppose -2*w - 474 = -1972. What is the tens digit of w?
4
Suppose 5*a + 10 = 4*a + h, -2*a + h - 20 = 0. Let s(i) = -5*i + 4. Let y be s(a). Suppose -y = -3*q + 3. What is the units digit of q?
9
Let y(t) = 3280*t**3 - 6*t**2 + 4*t. What is the units digit of y(1)?
8
Suppose 6*p + 0*p - 630 = 0. Let z = p - 47. What is the units digit of z?
8
What is the units digit of ((-24)/48)/(0 - 1/270)?
5
Let g(i) = 2*i - 6. Let l be g(3). Suppose l*s = -5*s + 315. What is the units digit of s?
3
What is the hundreds digit of (-15 - 6)/(8/(-1048))?
7
What is the tens digit of 15/(60/8) + 588?
9
Suppose -24*c + 25*c = 713. What is the units digit of c?
3
Suppose -o - 5*t + 52 = -0*o, -4*t = -2*o + 132. Let s = -35 + o. Suppose -5*z + 6*h - 3*h = -65, 2*z - s = h. What is the units digit of z?
6
Let v(s) be the second derivative of s**3/6 + s**2 + 3*s. Let r be v(1). Suppose 0 = -r*u - 9 + 48. What is the units digit of u?
3
What is the tens digit of (5784/16)/(6/20)?
0
Suppose n + 93 = -x + 2*x, -4*x + 368 = -2*n. Let d = x + -46. What is the units digit of d?
5
What is the units digit of 143200/64 - 2/(-4) - -1?
9
Let n(m) = 3 - 2*m - 4*m + 10*m. What is the tens digit of n(3)?
1
Let f = 89 - 77. What is the units digit of (-6)/8 - (-57)/f?
4
Suppose j + 36 = 4*j. Suppose 2*b - 4*m + 0*m + j = 0, 9 = -b + 5*m. Let c = b + 8. What is the units digit of c?
4
Let o(s) = s**2 - 10*s - 1. Let l = -56 - -71. What is the tens digit of o(l)?
7
Let g = -7 + 5. Suppose -6*y - 5*n = -9*y - 16, y - 4*n = -10. What is the units digit of g/y - -5*7?
6
Suppose -6968 = -2*j - 6*x, 5*j - 6984 = 3*j + 2*x. What is the thousands digit of j?
3
Let h = -960 + 1507. What is the hundreds digit of h?
5
Let h(g) = g**2 + 7*g - 3. Let b be h(-3). Let d = b - -16. What is the units digit of 15/5*(d + 0)?
3
Suppose -4*g - 393 = -5*g. Let k = g - 269. What is the hundreds digit of k?
1
Suppose -4*y + 7*y = 0. Suppose 5*w - m - 13 + 3 = 0, y = 3*w + 5*m - 34. Suppose -r + 50 = w*h, 3*r - r = -5*h + 102. What is the units digit of r?
6
Let w be (864/10)/(-6)*-5. Let i = -44 + w. What is the units digit of i?
8
Suppose 263 = 3*t - 241. What is the units digit of t?
8
Suppose 7 = -10*h + 27. What is the units digit of (2/(h - 6))/(4/(-160))?
0
Let x = 90 + 588. What is the tens digit of x?
7
Suppose 0*s + 15 = -3*s, 50 = 2*j - 2*s. Let p = 22 - j. What is the tens digit of p/((8/(-62))/(-2))?
3
Let y(p) = 8*p - 6. Let t be y(6). Let a = t + -24. Suppose 2*g - 158 = -5*h, 5*g = -h + a + 32. What is the units digit of h?
0
Let i(o) = o - 27. Let q be i(30). Suppose c = 5*g - 765, -2*g = q*g + 5*c - 795. What is the tens digit of g?
5
Suppose 5*c - 6*c - 3*x - 11 = 0, -1 = -4*c - 3*x. Suppose -c*i = -605 + 137. What is the units digit of i?
7
What is the tens digit of (-8702)/(-9) - (15 - 544/36)?
6
Let w be 1/(-4)*(4 - 8). Suppose -8 = -3*c + w. What is the units digit of c*4/(-6) - -9?
7
Let u = 985 + -506. What is the tens digit of u?
7
Suppose w + 3 - 1 = -3*u, 4*w - 2*u - 20 = 0. Suppose 4*b + w*s - 72 = 0, -5*s + 13 + 2 = 0. What is the units digit of ((-186)/b - -4)*-5?
2
Let l(a) = -1 - 35*a**2 + 24*a**2 + 4 + a**3 + 14*a**2 + 0. Suppose 2*i + 1 = 7. What is the units digit of l(i)?
7
What is the tens digit of 8/20 + (-14165)/(-25) + 3?
7
Suppose 5*p - 152 = -u, -5*u - 29 = -2*p + 21. Let r = p - -29. What is the tens digit of r?
5
Let u(g) = -3*g**3 + 2*g**2 + 3*g - 2. Let l be u(2). Let k = l + 47. What is the tens digit of k?
3
Let n be (-2)/(1102/(-275) + 4). Suppose -2*f - 3*f = -n. What is the units digit of f?
5
Let t(l) = -24*l - 9. Let c be t(-6). Suppose 5*k + x = -x + 41, 0 = -2*k + x + 11. Suppose 10*f = k*f + c. What is the units digit of f?
5
Let w be 10/(-5 - -3)*1. What is the tens digit of (-1*830/w)/2?
8
Suppose -21 + 5 = -2*u. Suppose 5*v + 8 = -4*l, -u - 2 = 5*l - v. What is the units digit of ((-1)/l)/((-9)/(-270))?
5
Let q(g) = -g**3 + 7*g**2 + 8. Let w be q(7). Let d = w + 20. What is the units digit of 2/(-5) + d/20?
1
Let m(b) = 6*b - 14. Let o be m(3). Suppose o*r + 2*f - 72 = 0, -18 = -2*r + r + 5*f. What is the tens digit of r?
1
Suppose -2*u + m = -7*u + 26, -13 = -2*u - 3*m. Let d = -5 - -6. Let h = d + u. What is the units digit of h?
6
Let g be ((-6)/(-8))/((-2)/24). Let i be (g/(-27))/(1/3). Suppose p + 4*l = 12 + 10, 0 = -l + i. What is the tens digit of p?
1
Let g be ((-67)/(-2))/((-2)/(-4)). Let r = g - 44. Let k = -22 + r. What is the units digit of k?
1
Suppose 4*a = 16, -a = -3*q - 3*a + 17. Suppose -q*g = 4*n - 86, 0*g = -2*g - 5*n + 62. What is the tens digit of g?
2
Suppose -3 = -l + 1. Suppose -5*b = -10, r - 84 = 5*b - 2*b. Suppose -l*g + r = g. What is the units digit of g?
8
Let n(c) = 12*c**2 + c. Let j be n(-1). Let i = 1 - j. Let t = i - -23. What is the tens digit of t?
1
Let l(s) = s**3 - 3*s**2 - 5*s - 2. Let t be (-72)/7 + (-6)/(-21). Let n be 2*t*3/(-12). What is the units digit of l(n)?
3
Let k(g) = 3*g**2 - 3*g + 11. Let j(v) = v**2 - v + 1. Let i(l) = -2*j(l) + k(l). What is the units digit of i(0)?
9
Let j(h) be the first derivative of -3*h**4/4 - h**3/3 - h**2 + 1. Suppose -4*z - 5*d - 7 = 0, 5*z = -3*d - 1 - 11. What is the tens digit of j(z)?
7
Suppose x = 3*x. Suppose x = -12*h + 7*h - 25. Let j(w) = w**2 + 5*w + 7. What is the units digit of j(h)?
7
Let f(o) = 5*o**2 - 7*o + 4. Suppose 4*d = 5*j + 11, -8 = -3*d - 2*j + 6. What is the tens digit of f(d)?
5
Suppose 4*y - 2*a - 18 = 0, 2*y - 5*a = y + 27. Let o be ((-2)/y)/((-1)/3). Suppose o*i = 2*i + 21. What is the tens digit of i?
2
Let z be 1/(-2)*3*120/(-18). Suppose -3*j + 3*f + 111 = -0*j, -2*f + z = 0. What is the units digit of j?
2
What is the units digit of 2 - (0 + 0) - (3 - 2561)?
0
Suppose u + 5 = 0, -2*v + 321 - 112 = -3*u. What is the tens digit of v?
9
Let x(k) = k**3 - k**2 - 4*k + 9. Let l be x(-6). What is the units digit of ((-3)/9 + 0)*l?
3
Let r be 2/(6 + -7)*(-1 + -1). Suppose 3*n = -v - n + 8, -40 = -v + r*n. What is the tens digit of v?
2
Let s = 1219 - 386. What is the tens digit of s?
3
Suppose 3*f - 3 = 9. Suppose 5*m - f*m + 5*c - 116 = 0, -5*m = 2*c - 488. What is the units digit of m?
6
Suppose 3857 = 18*u - 11*u. What is the hundreds digit of u?
5
Let v = -96 + 151. What is the units digit of v?
5
Let p = -90 + 92. Suppose -f = -3*f + p*x + 60, -12 = 3*x. What is the units digit of f?
6
Let t be 297 + (-7 - (-5 + 2)). Suppose g = -3*g - u + t, -3*g + 4*u = -234. What is the tens digit of g?
7
Let g be (-4)/(-2) - (-79 + 4). Suppose -6*q + 61 + g = 0. What is the tens digit of q?
2
Suppose -o - 33 = 5*q - 2*o, 3*q + 5*o + 31 = 0. What is the tens digit of 3/q - 4043/(-91)?
4
Suppose 2*v = 4*m - 76, 2*m + 64 = -2*v + 3*m. Let z = -103 - -157. Let b = v + z. What is the tens digit of b?
2
Let b(y) = y**3 - 39*y**2 - 51*y - 172. What is the thousands digit of b(41)?
1
Let q(g) be the second derivative of -112*g**3/3 - 4*g**2 - 42*g. What is the hundreds digit of q(-1)?
2
Let j = 809 - 635. What is the units digit of j?
4
Suppose q - u + 19 = 0, -5*u + 4*u - 71 = 5*q. What is the tens digit of (-36)/(1*10/q)?
5
Let p = 651 + -162. What is the tens digit of p?
8
Let z(v) = 144*v**2 + 8*v - 22. What is the hundreds digit of z(3)?
2
What is the units digit of (96 + 6)/(18/639)?
1
Let t(z) = z**2 + 7*z - 5. Suppose 5*o + f + 2*f = -56, 2*f = 4*o + 36. What is the tens digit of t(o)?
2
Let h(f) = f**2 + f - 6. Let z = -14 + 10. Let x be h(z). What is the units digit of 2/(x/(-3))*-28?
8
Suppose -5*x - 4*q + 12 = 0, x + 2*x - 3*q - 18 = 0. Suppose -7 = x*k - 55. Suppose 128 = 5*s - 2*c - k, 5*c + 84 = 3*s. What is the units digit of s?
8
Let n = 3 + -5. Let h be (-1)/(3 + n/1). Let k = 1 - h. What is the units digit of k?
2
Suppose -3 - 12 = -3*o. Suppose 3*n = -o*s + 249, 3*s = 6*s - 3*n - 135. Suppose -4*b + 34 = l + l, 3*b - s = -4*l. What is the units digit of l?
9
Let g(v) = -3*v - 5. Let p be g(-3). Suppose -3*o - 5*h + 32 = 0, 4*o - 19 = -p*h + 1